{"id":14233,"date":"2023-02-06T12:50:02","date_gmt":"2023-02-06T11:50:02","guid":{"rendered":"https:\/\/www.seval.ch\/?page_id=14233"},"modified":"2023-02-08T09:59:46","modified_gmt":"2023-02-08T08:59:46","slug":"appelsoffres","status":"publish","type":"page","link":"https:\/\/www.seval.ch\/fr\/groupes-de-travail\/appelsoffres\/","title":{"rendered":"Appels d&#8217;offres"},"content":{"rendered":"<div>Le groupe de travail Appels d&#8217;offres a \u00e9t\u00e9 cr\u00e9\u00e9 en 2021. Le point de d\u00e9part \u00e9tait quelques questions controvers\u00e9es r\u00e9currentes concernant les appels d&#8217;offres pour les \u00e9valuations. L&#8217;accent est mis sur le processus d&#8217;appel d&#8217;offres, par exemple les d\u00e9lais, le type d&#8217;appel d&#8217;offres, etc., mais aussi sur des \u00e9l\u00e9ments de contenu tels que les directives formul\u00e9es dans les appels d&#8217;offres concernant les m\u00e9thodes, le budget ou la structure des rapports des offres.<\/div>\n<div>Les travaux r\u00e9alis\u00e9s jusqu&#8217;\u00e0 pr\u00e9sent ont montr\u00e9 que les appels d&#8217;offres repr\u00e9sentent un d\u00e9fi tant pour les donneurs d&#8217;ordre que pour les soumissionnaires. Cela s&#8217;explique notamment par la diversit\u00e9 des objets d&#8217;\u00e9valuation en termes de complexit\u00e9, de contenu et d&#8217;\u00e9tendue. De m\u00eame, la g\u00e9n\u00e9ration \u00e9valuative et la d\u00e9duction de connaissances se distinguent par des aspects essentiels d&#8217;autres services pouvant faire l&#8217;objet d&#8217;appels d&#8217;offres.<\/div>\n<div>Le groupe de travail a recueilli de bons et de moins bons exemples tir\u00e9s de la pratique et s&#8217;est maintenant fix\u00e9 pour objectif de r\u00e9diger un vade-mecum sur la mise au concours de mandats sociologiques en g\u00e9n\u00e9ral et d&#8217;\u00e9tudes d&#8217;\u00e9valuation en particulier. Le vade-mecum doit s&#8217;appuyer sur les bases existantes telles que les guides et les outils d&#8217;aide, notamment de l&#8217;OFCL, et les compl\u00e9ter. Il s&#8217;agit notamment de mettre en \u00e9vidence la marge de man\u0153uvre lors de la mise au concours d&#8217;\u00e9valuations et de l&#8217;illustrer par des exemples.<\/div>\n<div>Le groupe de travail compte 11 personnes issues de l&#8217;administration et des bureaux d&#8217;\u00e9valuation. De nouveaux membres sont les bienvenus.<\/div>\n<div><\/div>\n","protected":false},"excerpt":{"rendered":"<p>Le groupe de travail Appels d&#8217;offres a \u00e9t\u00e9 cr\u00e9\u00e9 en 2021. Le point de d\u00e9part \u00e9tait quelques questions controvers\u00e9es r\u00e9currentes concernant les appels d&#8217;offres pour les \u00e9valuations. L&#8217;accent est mis sur le processus d&#8217;appel d&#8217;offres, par exemple les d\u00e9lais, le type d&#8217;appel d&#8217;offres, etc., mais aussi sur des \u00e9l\u00e9ments de contenu tels que les directives &hellip;<\/p>\n","protected":false},"author":1,"featured_media":0,"parent":613,"menu_order":0,"comment_status":"closed","ping_status":"closed","template":"","meta":{"_searchwp_excluded":"","advanced-sidebar-menu\/link-title":"","advanced-sidebar-menu\/exclude-page":false},"acf":[],"_links":{"self":[{"href":"https:\/\/www.seval.ch\/fr\/wp-json\/wp\/v2\/pages\/14233"}],"collection":[{"href":"https:\/\/www.seval.ch\/fr\/wp-json\/wp\/v2\/pages"}],"about":[{"href":"https:\/\/www.seval.ch\/fr\/wp-json\/wp\/v2\/types\/page"}],"author":[{"embeddable":true,"href":"https:\/\/www.seval.ch\/fr\/wp-json\/wp\/v2\/users\/1"}],"replies":[{"embeddable":true,"href":"https:\/\/www.seval.ch\/fr\/wp-json\/wp\/v2\/comments?post=14233"}],"version-history":[{"count":3,"href":"https:\/\/www.seval.ch\/fr\/wp-json\/wp\/v2\/pages\/14233\/revisions"}],"predecessor-version":[{"id":14253,"href":"https:\/\/www.seval.ch\/fr\/wp-json\/wp\/v2\/pages\/14233\/revisions\/14253"}],"up":[{"embeddable":true,"href":"https:\/\/www.seval.ch\/fr\/wp-json\/wp\/v2\/pages\/613"}],"wp:attachment":[{"href":"https:\/\/www.seval.ch\/fr\/wp-json\/wp\/v2\/media?parent=14233"}],"curies":[{"name":"wp","href":"https:\/\/api.w.org\/{rel}","templated":true}]}}

<div>Le groupe de travail Appels d&#8217;offres a été créé en 2021. Le point de départ était quelques questions controversées récurrentes concernant les appels d&#8217;offres pour les évaluations. L&#8217;accent est mis sur le processus d&#8217;appel d&#8217;offres, par exemple les délais, le type d&#8217;appel d&#8217;offres, etc., mais aussi sur des éléments de contenu tels que les directives formulées dans les appels d&#8217;offres concernant les méthodes, le budget ou la structure des rapports des offres.</div>
<div>Les travaux réalisés jusqu&#8217;à présent ont montré que les appels d&#8217;offres représentent un défi tant pour les donneurs d&#8217;ordre que pour les soumissionnaires. Cela s&#8217;explique notamment par la diversité des objets d&#8217;évaluation en termes de complexité, de contenu et d&#8217;étendue. De même, la génération évaluative et la déduction de connaissances se distinguent par des aspects essentiels d&#8217;autres services pouvant faire l&#8217;objet d&#8217;appels d&#8217;offres.</div>
<div>Le groupe de travail a recueilli de bons et de moins bons exemples tirés de la pratique et s&#8217;est maintenant fixé pour objectif de rédiger un vade-mecum sur la mise au concours de mandats sociologiques en général et d&#8217;études d&#8217;évaluation en particulier. Le vade-mecum doit s&#8217;appuyer sur les bases existantes telles que les guides et les outils d&#8217;aide, notamment de l&#8217;OFCL, et les compléter. Il s&#8217;agit notamment de mettre en évidence la marge de manœuvre lors de la mise au concours d&#8217;évaluations et de l&#8217;illustrer par des exemples.</div>
<div>Le groupe de travail compte 11 personnes issues de l&#8217;administration et des bureaux d&#8217;évaluation. De nouveaux membres sont les bienvenus.</div>
<div></div>

<p>Le groupe de travail Appels d&#8217;offres a été créé en 2021. Le point de départ était quelques questions controversées récurrentes concernant les appels d&#8217;offres pour les évaluations. L&#8217;accent est mis sur le processus d&#8217;appel d&#8217;offres, par exemple les délais, le type d&#8217;appel d&#8217;offres, etc., mais aussi sur des éléments de contenu tels que les directives &hellip;</p>
