{"id":642,"date":"2017-07-18T22:18:26","date_gmt":"2017-07-18T20:18:26","guid":{"rendered":"https:\/\/www.seval.ch\/?page_id=642\/"},"modified":"2024-09-19T10:57:45","modified_gmt":"2024-09-19T08:57:45","slug":"awardee","status":"publish","type":"page","link":"https:\/\/www.seval.ch\/en\/publications-prix-seval\/prix-seval\/awardee\/","title":{"rendered":"Awardee"},"content":{"rendered":"<p>Awardee 2024 &#8211; Essay: &#8220;<a href=\"https:\/\/www.seval.ch\/app\/uploads\/2024\/09\/Memoire-pour-publication_Romain-Suchet.pdf\" target=\"_blank\" rel=\"noopener\">Analyse et propositions concernant l\u2019\u00e9valuation des effets \u00e9conomiques des parcs naturels r\u00e9gionaux suisses<\/a>&#8221; and &#8220;<a href=\"https:\/\/www.seval.ch\/app\/uploads\/2024\/09\/Masters-Thesis-Fabricio-Bruno-Meier_.pdf\" target=\"_blank\" rel=\"noopener\">Exploring Potential Factors for Not Evaluating E-Government Projects in the Swiss Public Sector<\/a>&#8221;<\/p>\n<p>Awardee 2023 &#8211; <strong>Simon Endes, Eliane Kraft &amp; Sarina Steinmann<\/strong><br \/>\nEssay: \u201c<a href=\"https:\/\/www.ecoplan.ch\/download\/ikagf2_arbeitspapier_de.pdf\" target=\"_blank\" rel=\"noopener\">Erhebungsinstrumente k\u00f6rperlicher Aktivit\u00e4t. Methodische Ans\u00e4tze f\u00fcr die Evaluationspraxis in der Gesundheitsf\u00f6rderung<\/a>\u201d<\/p>\n<p><strong>Awardee 2022 &#8211; no awardee<\/strong><\/p>\n<p><strong>Awardee 2021 &#8211; Michael Deb\u00e9taz<\/strong><br \/>\nEssay: \u201c<a href=\"https:\/\/greval.ch\/big-data-machine-learning-et-evaluation-1-introduction\/\" target=\"_blank\" rel=\"noopener\">Big data, machine learning et \u00e9valuation: la data science au service des administrations<\/a>\u201d<\/p>\n<p><strong>Awardee 2020 &#8211; Susanne Hadorn, C\u00e9line Mavrot &amp; Fritz Sager<\/strong><br \/>\nEssay: \u201cMapping the mix: Linking instruments, settings and target groups in the study of policy mixes\u201d<\/p>\n<p><strong>Awardee 2019 &#8211; Rafa\u00ebl Weissbrodt<\/strong><br \/>\nEssay: <a href=\"https:\/\/www.seval.ch\/app\/uploads\/2020\/05\/RWeissbrodt_th\u00e8se-compl\u00e8te-002.pdf\" target=\"_blank\" rel=\"noopener noreferrer\">&#8220;L\u2019intervention des inspecteurs du travail en mati\u00e8re de pr\u00e9vention des risques psychosociaux. Effets des contr\u00f4les en entreprises et strat\u00e9gies d\u2019intervention des inspecteurs&#8221;<\/a><\/p>\n<p><strong>Awardee 2018 &#8211; no awardee<\/strong><\/p>\n<p><strong>Awardee 2017 &#8211; Caroline Schlaufer<\/strong><br \/>\nEssay: <a href=\"https:\/\/boris.unibe.ch\/93401\/\" target=\"_blank\" rel=\"noopener noreferrer\">\u201eThe contribution of evaluations to the discourse quality of newspaper content\u201c<\/a><\/p>\n<p><strong>Awardee 2016 &#8211; Dr Laura Metzger et Prof. Isabel G\u00fcnther<\/strong><br \/>\nEssay: <a href=\"http:\/\/onlinelibrary.wiley.com\/doi\/10.1002\/jid.3189\/abstract;jsessionid=AC325DF20E2F503FC08CE2EFE7E9517A.f02t01\">&#8220;How to assess the effectiveness of development aid projects: Evaluation ratings versus project indicators&#8221;<\/a><br \/>\n<a href=\"https:\/\/www.seval.ch\/app\/uploads\/2017\/07\/Laudatio_Prix_SEVAL_2016.pdf\">Laudatio Prix SEVAL 2016 (PDF)<\/a><\/p>\n<p><strong> Awardee 2015 &#8211; Lyn Pleger et Prof. Fritz Sager<\/strong><br \/>\nEssay: &#8220;Beeinflussung von Evaluierenden in der Schweiz&#8221;<\/p>\n<p><strong> Awardee 2014 &#8211; Linda Sulzer<\/strong><br \/>\nEssay: <a href=\"https:\/\/www.seval.ch\/app\/uploads\/2017\/07\/Summary_Prix-SEVAL_2014.pdf\">&#8220;Bereitschaft zur Unterzeichnung von v\u00f6lkerrechtswidrigen Volksinitiativen. Was steckt dahinter?&#8221; (PDF)<\/a><\/p>\n<p><strong> Awardee 2013 &#8211; Olivier Baumann<\/strong><br \/>\nEssay: &#8220;Eine synthetische Schweiz zur Evaluation des Erneuerbare-Energien-Gesetz (EEG)&#8221;<\/p>\n<p><strong> Awardee 2012 &#8211; Dr Michael Morlok <\/strong><br \/>\nEssay: &#8220;A New Approach to Evaluating Active Labour Market Programs&#8221;<\/p>\n","protected":false},"excerpt":{"rendered":"<p>Awardee 2024 &#8211; Essay: &#8220;Analyse et propositions concernant l\u2019\u00e9valuation des effets \u00e9conomiques des parcs naturels r\u00e9gionaux suisses&#8221; and &#8220;Exploring Potential Factors for Not Evaluating E-Government Projects in the Swiss Public Sector&#8221; Awardee 2023 &#8211; Simon Endes, Eliane Kraft &amp; Sarina Steinmann Essay: \u201cErhebungsinstrumente k\u00f6rperlicher Aktivit\u00e4t. Methodische Ans\u00e4tze f\u00fcr die Evaluationspraxis in der Gesundheitsf\u00f6rderung\u201d Awardee 2022 &hellip;<\/p>\n","protected":false},"author":1,"featured_media":0,"parent":644,"menu_order":0,"comment_status":"closed","ping_status":"closed","template":"","meta":{"_searchwp_excluded":"","advanced-sidebar-menu\/link-title":"","advanced-sidebar-menu\/exclude-page":false},"acf":[],"_links":{"self":[{"href":"https:\/\/www.seval.ch\/en\/wp-json\/wp\/v2\/pages\/642"}],"collection":[{"href":"https:\/\/www.seval.ch\/en\/wp-json\/wp\/v2\/pages"}],"about":[{"href":"https:\/\/www.seval.ch\/en\/wp-json\/wp\/v2\/types\/page"}],"author":[{"embeddable":true,"href":"https:\/\/www.seval.ch\/en\/wp-json\/wp\/v2\/users\/1"}],"replies":[{"embeddable":true,"href":"https:\/\/www.seval.ch\/en\/wp-json\/wp\/v2\/comments?post=642"}],"version-history":[{"count":11,"href":"https:\/\/www.seval.ch\/en\/wp-json\/wp\/v2\/pages\/642\/revisions"}],"predecessor-version":[{"id":16814,"href":"https:\/\/www.seval.ch\/en\/wp-json\/wp\/v2\/pages\/642\/revisions\/16814"}],"up":[{"embeddable":true,"href":"https:\/\/www.seval.ch\/en\/wp-json\/wp\/v2\/pages\/644"}],"wp:attachment":[{"href":"https:\/\/www.seval.ch\/en\/wp-json\/wp\/v2\/media?parent=642"}],"curies":[{"name":"wp","href":"https:\/\/api.w.org\/{rel}","templated":true}]}}

<p>Awardee 2024 &#8211; Essay: &#8220;<a href="https://www.seval.ch/app/uploads/2024/09/Memoire-pour-publication_Romain-Suchet.pdf" target="_blank" rel="noopener">Analyse et propositions concernant l’évaluation des effets économiques des parcs naturels régionaux suisses</a>&#8221; and &#8220;<a href="https://www.seval.ch/app/uploads/2024/09/Masters-Thesis-Fabricio-Bruno-Meier_.pdf" target="_blank" rel="noopener">Exploring Potential Factors for Not Evaluating E-Government Projects in the Swiss Public Sector</a>&#8221;</p>
<p>Awardee 2023 &#8211; <strong>Simon Endes, Eliane Kraft &amp; Sarina Steinmann</strong><br />
Essay: “<a href="https://www.ecoplan.ch/download/ikagf2_arbeitspapier_de.pdf" target="_blank" rel="noopener">Erhebungsinstrumente körperlicher Aktivität. Methodische Ansätze für die Evaluationspraxis in der Gesundheitsförderung</a>”</p>
<p><strong>Awardee 2022 &#8211; no awardee</strong></p>
<p><strong>Awardee 2021 &#8211; Michael Debétaz</strong><br />
Essay: “<a href="https://greval.ch/big-data-machine-learning-et-evaluation-1-introduction/" target="_blank" rel="noopener">Big data, machine learning et évaluation: la data science au service des administrations</a>”</p>
<p><strong>Awardee 2020 &#8211; Susanne Hadorn, Céline Mavrot &amp; Fritz Sager</strong><br />
Essay: “Mapping the mix: Linking instruments, settings and target groups in the study of policy mixes”</p>
<p><strong>Awardee 2019 &#8211; Rafaël Weissbrodt</strong><br />
Essay: <a href="https://www.seval.ch/app/uploads/2020/05/RWeissbrodt_thèse-complète-002.pdf" target="_blank" rel="noopener noreferrer">&#8220;L’intervention des inspecteurs du travail en matière de prévention des risques psychosociaux. Effets des contrôles en entreprises et stratégies d’intervention des inspecteurs&#8221;</a></p>
<p><strong>Awardee 2018 &#8211; no awardee</strong></p>
<p><strong>Awardee 2017 &#8211; Caroline Schlaufer</strong><br />
Essay: <a href="https://boris.unibe.ch/93401/" target="_blank" rel="noopener noreferrer">„The contribution of evaluations to the discourse quality of newspaper content“</a></p>
<p><strong>Awardee 2016 &#8211; Dr Laura Metzger et Prof. Isabel Günther</strong><br />
Essay: <a href="http://onlinelibrary.wiley.com/doi/10.1002/jid.3189/abstract;jsessionid=AC325DF20E2F503FC08CE2EFE7E9517A.f02t01">&#8220;How to assess the effectiveness of development aid projects: Evaluation ratings versus project indicators&#8221;</a><br />
<a href="https://www.seval.ch/app/uploads/2017/07/Laudatio_Prix_SEVAL_2016.pdf">Laudatio Prix SEVAL 2016 (PDF)</a></p>
<p><strong> Awardee 2015 &#8211; Lyn Pleger et Prof. Fritz Sager</strong><br />
Essay: &#8220;Beeinflussung von Evaluierenden in der Schweiz&#8221;</p>
<p><strong> Awardee 2014 &#8211; Linda Sulzer</strong><br />
Essay: <a href="https://www.seval.ch/app/uploads/2017/07/Summary_Prix-SEVAL_2014.pdf">&#8220;Bereitschaft zur Unterzeichnung von völkerrechtswidrigen Volksinitiativen. Was steckt dahinter?&#8221; (PDF)</a></p>
<p><strong> Awardee 2013 &#8211; Olivier Baumann</strong><br />
Essay: &#8220;Eine synthetische Schweiz zur Evaluation des Erneuerbare-Energien-Gesetz (EEG)&#8221;</p>
<p><strong> Awardee 2012 &#8211; Dr Michael Morlok </strong><br />
Essay: &#8220;A New Approach to Evaluating Active Labour Market Programs&#8221;</p>

<p>Awardee 2024 &#8211; Essay: &#8220;Analyse et propositions concernant l’évaluation des effets économiques des parcs naturels régionaux suisses&#8221; and &#8220;Exploring Potential Factors for Not Evaluating E-Government Projects in the Swiss Public Sector&#8221; Awardee 2023 &#8211; Simon Endes, Eliane Kraft &amp; Sarina Steinmann Essay: “Erhebungsinstrumente körperlicher Aktivität. Methodische Ansätze für die Evaluationspraxis in der Gesundheitsförderung” Awardee 2022 &hellip;</p>
