{"id":12860,"date":"2022-04-29T17:33:34","date_gmt":"2022-04-29T15:33:34","guid":{"rendered":"https:\/\/www.seval.ch\/?page_id=12860"},"modified":"2023-09-20T08:39:50","modified_gmt":"2023-09-20T06:39:50","slug":"gruppo-svizzera-italiana","status":"publish","type":"page","link":"https:\/\/www.seval.ch\/en\/working-groups\/gruppo-svizzera-italiana\/","title":{"rendered":"Gruppo Svizzera italiana"},"content":{"rendered":"<p><strong>La SEVAL nella Svizzera italiana<\/strong><\/p>\n<p>Dal 2019 prende avvio la creazione di un gruppo di lavoro regionale della SEVAL nella Svizzera italiana. La maggior parte dei promotori, sostenuti dal Comitato nazionale, sono membri italofoni attivi della SEVAL. Alcuni vivono e lavorano in Ticino, altri sono invece attivi in diversi ambiti professionali a livello federale.<\/p>\n<p>Il gruppo SEVAL \u2013 Svizzera italiana nei prossimi mesi prevede le seguenti attivit\u00e0:<\/p>\n<ul>\n<li>organizzare un evento di avvio della messa in rete<\/li>\n<li>verificare l&#8217;interesse di persone e di istituzioni per la messa in rete a livello locale sul tema della valutazione (criteri, qualit\u00e0, buone pratiche, metodi, &#8230;)<\/li>\n<li>creare le premesse per la promozione di una cultura della valutazione nella Svizzera italiana<\/li>\n<\/ul>\n<p>Il guppo SEVAL &#8211; Svizzera italiana \u00e8 aperto a tutti gli interessati. I principali destinatari delle attivit\u00e0 promosse sono:<\/p>\n<ul>\n<li>i professionisti e i ricercatori con competenze ed esperienze nell&#8217;ambito della valutazione;<\/li>\n<li>le istituzioni e le organizzazioni no profit che possono aver l\u2019esigenza di svolgere valutazioni (Uffici cantonali, Enti Regionali di Sviluppo, Comuni, Associazioni, Fondazioni, Cooperative, ecc.).<\/li>\n<\/ul>\n<p><strong>Documentazione<\/strong><\/p>\n<p><a href=\"https:\/\/www.seval.ch\/app\/uploads\/2021\/05\/02_La_SEVAL_A5_Flyer_IT.pdf\" target=\"_blank\" rel=\"noopener\">Flyer La SEVAL<\/a><\/p>\n<p><a href=\"https:\/\/www.seval.ch\/app\/uploads\/2021\/05\/seval_brosch_evaluation_i_WEB.pdf\" target=\"_blank\" rel=\"noopener\">Brochure Valutazione: che cos&#8217;\u00e8 e a cosa serve?<\/a><\/p>\n<p><a href=\"https:\/\/www.seval.ch\/app\/uploads\/2021\/05\/02_SEVAL_Prix_A5_Flyer_IT.pdf\" target=\"_blank\" rel=\"noopener\">Flyer Prix SEVAL<\/a><\/p>\n<hr \/>\n<p>&nbsp;<\/p>\n<h4>2023 &#8211; Workshop &#8220;Chiacchiere di valutazione&#8221;, <a href=\"https:\/\/www.seval.ch\/it\/2023\/05\/11\/chiacchiere-di-valutazione\/\">ulteriori informazioni\u00a0<\/a><\/h4>\n<p>prossime date delle nostre &#8220;<strong>chiacchiere di valutazione<\/strong>&#8220;.<\/p>\n<ul>\n<li><strong>Gioved\u00ec 28 settembre<\/strong> 2023 dalle 12.30 alle 13.30<\/li>\n<\/ul>\n<p>&nbsp;<\/p>\n<h4>2021 &#8211; Workshop sul tema della valutazione in Ticino<\/h4>\n<p>Lo scorso 23 settembre 2021 il Gruppo di valutazione della SEVAL Svizzera italiana ha organizzato il primo workshop sul tema della valutazione in Ticino. Dopo l&#8217;introduzione da parte del presidente della SEVAL Stefan Rieder, che ha presentato la Societ\u00e0 svizzera di valutazione, Am\u00e9lie Pestoni ha poi spiegato che cosa \u00e8 la valutazione e a cosa serve. In seguito, i\/le referenti Martine Bouvier-Gallacchi, Paolo Ambrosetti, Maria Caiata, Chiara Bramani e Carlo Fabian hanno portato 5 esempi pratici di valutazione.<\/p>\n<p>La buona partecipazione, i riscontri positivi e l&#8217;interessante e animata discussione dopo i brevi spunti dimostrano l&#8217;interesse verso la tematica della valutazione e il crescente bisogno di professionalizzazione per chi si occupa di sostenere, formulare, implementare, valutare e gestire programmi e progetti a vari livelli istituzionali.<\/p>\n<p>Ora valuteremo con voi i prossimi passi da compiere. Le presentazioni possono essere scaricate qui sotto:<\/p>\n<p><a href=\"https:\/\/www.seval.ch\/app\/uploads\/2021\/05\/Programma-workshop-sulla-valutazione_SEVAL.pdf\" target=\"_blank\" rel=\"noopener\">Il programma<\/a><\/p>\n<p><a href=\"https:\/\/www.seval.ch\/app\/uploads\/2021\/10\/PraesentationSEVAL2020_IT.pdf\" target=\"_blank\" rel=\"noopener\">Presentazione 1<\/a><\/p>\n<p><a href=\"https:\/\/www.seval.ch\/app\/uploads\/2021\/10\/PPT_WS_SEVAL-CH-it-20210923-DEF.pdf\" target=\"_blank\" rel=\"noopener\">Presentazione 2<\/a><\/p>\n","protected":false},"excerpt":{"rendered":"<p>La SEVAL nella Svizzera italiana Dal 2019 prende avvio la creazione di un gruppo di lavoro regionale della SEVAL nella Svizzera italiana. La maggior parte dei promotori, sostenuti dal Comitato nazionale, sono membri italofoni attivi della SEVAL. Alcuni vivono e lavorano in Ticino, altri sono invece attivi in diversi ambiti professionali a livello federale. Il &hellip;<\/p>\n","protected":false},"author":1,"featured_media":0,"parent":610,"menu_order":0,"comment_status":"closed","ping_status":"closed","template":"","meta":{"_searchwp_excluded":"","advanced-sidebar-menu\/link-title":"","advanced-sidebar-menu\/exclude-page":false},"acf":[],"_links":{"self":[{"href":"https:\/\/www.seval.ch\/en\/wp-json\/wp\/v2\/pages\/12860"}],"collection":[{"href":"https:\/\/www.seval.ch\/en\/wp-json\/wp\/v2\/pages"}],"about":[{"href":"https:\/\/www.seval.ch\/en\/wp-json\/wp\/v2\/types\/page"}],"author":[{"embeddable":true,"href":"https:\/\/www.seval.ch\/en\/wp-json\/wp\/v2\/users\/1"}],"replies":[{"embeddable":true,"href":"https:\/\/www.seval.ch\/en\/wp-json\/wp\/v2\/comments?post=12860"}],"version-history":[{"count":7,"href":"https:\/\/www.seval.ch\/en\/wp-json\/wp\/v2\/pages\/12860\/revisions"}],"predecessor-version":[{"id":15061,"href":"https:\/\/www.seval.ch\/en\/wp-json\/wp\/v2\/pages\/12860\/revisions\/15061"}],"up":[{"embeddable":true,"href":"https:\/\/www.seval.ch\/en\/wp-json\/wp\/v2\/pages\/610"}],"wp:attachment":[{"href":"https:\/\/www.seval.ch\/en\/wp-json\/wp\/v2\/media?parent=12860"}],"curies":[{"name":"wp","href":"https:\/\/api.w.org\/{rel}","templated":true}]}}

<p><strong>La SEVAL nella Svizzera italiana</strong></p>
<p>Dal 2019 prende avvio la creazione di un gruppo di lavoro regionale della SEVAL nella Svizzera italiana. La maggior parte dei promotori, sostenuti dal Comitato nazionale, sono membri italofoni attivi della SEVAL. Alcuni vivono e lavorano in Ticino, altri sono invece attivi in diversi ambiti professionali a livello federale.</p>
<p>Il gruppo SEVAL – Svizzera italiana nei prossimi mesi prevede le seguenti attività:</p>
<ul>
<li>organizzare un evento di avvio della messa in rete</li>
<li>verificare l&#8217;interesse di persone e di istituzioni per la messa in rete a livello locale sul tema della valutazione (criteri, qualità, buone pratiche, metodi, &#8230;)</li>
<li>creare le premesse per la promozione di una cultura della valutazione nella Svizzera italiana</li>
</ul>
<p>Il guppo SEVAL &#8211; Svizzera italiana è aperto a tutti gli interessati. I principali destinatari delle attività promosse sono:</p>
<ul>
<li>i professionisti e i ricercatori con competenze ed esperienze nell&#8217;ambito della valutazione;</li>
<li>le istituzioni e le organizzazioni no profit che possono aver l’esigenza di svolgere valutazioni (Uffici cantonali, Enti Regionali di Sviluppo, Comuni, Associazioni, Fondazioni, Cooperative, ecc.).</li>
</ul>
<p><strong>Documentazione</strong></p>
<p><a href="https://www.seval.ch/app/uploads/2021/05/02_La_SEVAL_A5_Flyer_IT.pdf" target="_blank" rel="noopener">Flyer La SEVAL</a></p>
<p><a href="https://www.seval.ch/app/uploads/2021/05/seval_brosch_evaluation_i_WEB.pdf" target="_blank" rel="noopener">Brochure Valutazione: che cos&#8217;è e a cosa serve?</a></p>
<p><a href="https://www.seval.ch/app/uploads/2021/05/02_SEVAL_Prix_A5_Flyer_IT.pdf" target="_blank" rel="noopener">Flyer Prix SEVAL</a></p>
<hr />
<p>&nbsp;</p>
<h4>2023 &#8211; Workshop &#8220;Chiacchiere di valutazione&#8221;, <a href="https://www.seval.ch/it/2023/05/11/chiacchiere-di-valutazione/">ulteriori informazioni </a></h4>
<p>prossime date delle nostre &#8220;<strong>chiacchiere di valutazione</strong>&#8220;.</p>
<ul>
<li><strong>Giovedì 28 settembre</strong> 2023 dalle 12.30 alle 13.30</li>
</ul>
<p>&nbsp;</p>
<h4>2021 &#8211; Workshop sul tema della valutazione in Ticino</h4>
<p>Lo scorso 23 settembre 2021 il Gruppo di valutazione della SEVAL Svizzera italiana ha organizzato il primo workshop sul tema della valutazione in Ticino. Dopo l&#8217;introduzione da parte del presidente della SEVAL Stefan Rieder, che ha presentato la Società svizzera di valutazione, Amélie Pestoni ha poi spiegato che cosa è la valutazione e a cosa serve. In seguito, i/le referenti Martine Bouvier-Gallacchi, Paolo Ambrosetti, Maria Caiata, Chiara Bramani e Carlo Fabian hanno portato 5 esempi pratici di valutazione.</p>
<p>La buona partecipazione, i riscontri positivi e l&#8217;interessante e animata discussione dopo i brevi spunti dimostrano l&#8217;interesse verso la tematica della valutazione e il crescente bisogno di professionalizzazione per chi si occupa di sostenere, formulare, implementare, valutare e gestire programmi e progetti a vari livelli istituzionali.</p>
<p>Ora valuteremo con voi i prossimi passi da compiere. Le presentazioni possono essere scaricate qui sotto:</p>
<p><a href="https://www.seval.ch/app/uploads/2021/05/Programma-workshop-sulla-valutazione_SEVAL.pdf" target="_blank" rel="noopener">Il programma</a></p>
<p><a href="https://www.seval.ch/app/uploads/2021/10/PraesentationSEVAL2020_IT.pdf" target="_blank" rel="noopener">Presentazione 1</a></p>
<p><a href="https://www.seval.ch/app/uploads/2021/10/PPT_WS_SEVAL-CH-it-20210923-DEF.pdf" target="_blank" rel="noopener">Presentazione 2</a></p>
